{"id":186,"date":"2017-05-03T16:25:21","date_gmt":"2017-05-03T14:25:21","guid":{"rendered":"http:\/\/www.batem-77.com\/?page_id=186"},"modified":"2018-01-18T17:14:29","modified_gmt":"2018-01-18T16:14:29","slug":"nos-services-2","status":"publish","type":"page","link":"https:\/\/www.batem-77.com\/?page_id=186","title":{"rendered":"Nos Services."},"content":{"rendered":"<p>[et_pb_section fb_built=\u00a0\u00bb1&Prime; background_color=\u00a0\u00bbrgba(255,255,255,0)\u00a0\u00bb use_custom_width=\u00a0\u00bbon\u00a0\u00bb use_custom_gutter=\u00a0\u00bbon\u00a0\u00bb gutter_width=\u00a0\u00bb1&Prime; specialty=\u00a0\u00bbon\u00a0\u00bb parallax_method_1=\u00a0\u00bboff\u00a0\u00bb parallax_method_2=\u00a0\u00bboff\u00a0\u00bb parallax_method_3=\u00a0\u00bboff\u00a0\u00bb admin_label=\u00a0\u00bbSection\u00a0\u00bb _builder_version=\u00a0\u00bb3.0.47&Prime; background_image=\u00a0\u00bbhttp:\/\/www.batem-77.com\/wp-content\/uploads\/2018\/01\/la-defense-gratte-ciel-ville-dans-la-nuit-paris-233878.jpg\u00a0\u00bb custom_css_main_element=\u00a0\u00bbmin-height: 100vh;\u00a0\u00bb transparent_background=\u00a0\u00bbon\u00a0\u00bb][et_pb_column type=\u00a0\u00bb1_4&Prime; _builder_version=\u00a0\u00bb3.0.47&Prime; parallax=\u00a0\u00bboff\u00a0\u00bb parallax_method=\u00a0\u00bboff\u00a0\u00bb][et_pb_divider height=\u00a0\u00bb40&Prime; disabled_on=\u00a0\u00bbon|on|off\u00a0\u00bb admin_label=\u00a0\u00bbS\u00e9parateur\u00a0\u00bb _builder_version=\u00a0\u00bb3.0.47&Prime;][\/et_pb_divider][et_pb_slider show_arrows=\u00a0\u00bboff\u00a0\u00bb show_pagination=\u00a0\u00bboff\u00a0\u00bb show_inner_shadow=\u00a0\u00bboff\u00a0\u00bb admin_label=\u00a0\u00bbNavigation Diapo\u00a0\u00bb _builder_version=\u00a0\u00bb3.0.47&Prime; header_font=\u00a0\u00bbJosefin Slab||||\u00a0\u00bb header_font_size=\u00a0\u00bb40&Prime; header_font_size_tablet=\u00a0\u00bb30&Prime; header_font_size_last_edited=\u00a0\u00bbon|desktop\u00a0\u00bb custom_padding=\u00a0\u00bb|||\u00a0\u00bb custom_padding_tablet=\u00a0\u00bb|||\u00a0\u00bb custom_padding_phone=\u00a0\u00bb|||\u00a0\u00bb custom_button=\u00a0\u00bbon\u00a0\u00bb button_text_color=\u00a0\u00bb#7a7a7a\u00a0\u00bb button_border_color=\u00a0\u00bb#828282&Prime; button_font=\u00a0\u00bbJosefin Slab||||\u00a0\u00bb button_icon=\u00a0\u00bb%%3%%\u00a0\u00bb auto=\u00a0\u00bbon\u00a0\u00bb auto_speed=\u00a0\u00bb6000&Prime; auto_ignore_hover=\u00a0\u00bbon\u00a0\u00bb custom_css_main_element=\u00a0\u00bbborder: 4px solid rgba(0,0,0,0);\u00a0\u00bb custom_css_slide_description=\u00a0\u00bbtext-align: left !important;||animation-name: Grow;\u00a0\u00bb custom_css_slide_button=\u00a0\u00bbpadding-left: 0 !important;\u00a0\u00bb custom_css_slide_controllers=\u00a0\u00bbtext-align: right;||padding-right: 30px;||font-size: 0;\u00a0\u00bb remove_inner_shadow=\u00a0\u00bbon\u00a0\u00bb][et_pb_slide heading=\u00a0\u00bbFaux plafonds\u00a0\u00bb use_bg_overlay=\u00a0\u00bboff\u00a0\u00bb use_text_overlay=\u00a0\u00bboff\u00a0\u00bb _builder_version=\u00a0\u00bb3.0.47&Prime; header_font=\u00a0\u00bb||||\u00a0\u00bb body_font=\u00a0\u00bb||||\u00a0\u00bb background_color=\u00a0\u00bbrgba(135,135,135,0.67)\u00a0\u00bb custom_button=\u00a0\u00bboff\u00a0\u00bb button_icon_placement=\u00a0\u00bbright\u00a0\u00bb button_on_hover=\u00a0\u00bbon\u00a0\u00bb]<\/p>\n<ul>\n<li><i>Faux-plafond en Placo avec ou sans isolation<\/i><\/li>\n<li><i>Faux-plafond en fibre avec structures apparentes, semi-apparentes ou cach\u00e9es<\/i><\/li>\n<li><i>Faux-plafond en r\u00e9sille<\/i><\/li>\n<\/ul>\n<ul>\n<li><i>Faux-plafond m\u00e9tallique<\/i><\/li>\n<li><i>Faux-plafond chauffant<\/i><\/li>\n<li><i>Faux-plafond r\u00e9versible<\/i><\/li>\n<\/ul>\n<p>[\/et_pb_slide][\/et_pb_slider][et_pb_slider show_arrows=\u00a0\u00bboff\u00a0\u00bb show_pagination=\u00a0\u00bboff\u00a0\u00bb show_inner_shadow=\u00a0\u00bboff\u00a0\u00bb admin_label=\u00a0\u00bbNavigation Diapo\u00a0\u00bb _builder_version=\u00a0\u00bb3.0.96&Prime; header_font=\u00a0\u00bbJosefin Slab||||\u00a0\u00bb header_font_size=\u00a0\u00bb40&Prime; header_font_size_tablet=\u00a0\u00bb30&Prime; header_font_size_last_edited=\u00a0\u00bbon|desktop\u00a0\u00bb custom_padding=\u00a0\u00bb|||\u00a0\u00bb custom_padding_tablet=\u00a0\u00bb|||\u00a0\u00bb custom_padding_phone=\u00a0\u00bb|||\u00a0\u00bb custom_button=\u00a0\u00bbon\u00a0\u00bb button_text_color=\u00a0\u00bb#7a7a7a\u00a0\u00bb button_border_color=\u00a0\u00bb#828282&Prime; button_font=\u00a0\u00bbJosefin Slab||||\u00a0\u00bb button_icon=\u00a0\u00bb%%3%%\u00a0\u00bb auto=\u00a0\u00bbon\u00a0\u00bb auto_speed=\u00a0\u00bb12000&Prime; auto_ignore_hover=\u00a0\u00bbon\u00a0\u00bb custom_css_main_element=\u00a0\u00bbborder: 4px solid rgba(0,0,0,0);\u00a0\u00bb custom_css_slide_description=\u00a0\u00bbtext-align: left !important;||animation-name: Grow;\u00a0\u00bb custom_css_slide_button=\u00a0\u00bbpadding-left: 0 !important;\u00a0\u00bb custom_css_slide_controllers=\u00a0\u00bbtext-align: right;||padding-right: 30px;||font-size: 0;\u00a0\u00bb remove_inner_shadow=\u00a0\u00bbon\u00a0\u00bb][et_pb_slide heading=\u00a0\u00bbDoublages\u00a0\u00bb use_bg_overlay=\u00a0\u00bboff\u00a0\u00bb use_text_overlay=\u00a0\u00bboff\u00a0\u00bb _builder_version=\u00a0\u00bb3.0.96&Prime; header_font=\u00a0\u00bb||||\u00a0\u00bb body_font=\u00a0\u00bb||||\u00a0\u00bb background_color=\u00a0\u00bbrgba(140,140,140,0.68)\u00a0\u00bb custom_button=\u00a0\u00bboff\u00a0\u00bb button_icon_placement=\u00a0\u00bbright\u00a0\u00bb button_on_hover=\u00a0\u00bbon\u00a0\u00bb]<\/p>\n<ul>\n<li><i>Placostil sur ossature m\u00e9tallique avec ou sans isolant<\/i><\/li>\n<li><i>Doublage coll\u00e9 pour une isolation thermique<\/i><b><i>, <\/i><\/b><i>phonique<\/i><\/li>\n<\/ul>\n<p>[\/et_pb_slide][\/et_pb_slider][\/et_pb_column][et_pb_column type=\u00a0\u00bb1_2&Prime; specialty_columns=\u00a0\u00bb2&Prime; _builder_version=\u00a0\u00bb3.0.47&Prime; parallax=\u00a0\u00bboff\u00a0\u00bb parallax_method=\u00a0\u00bboff\u00a0\u00bb][et_pb_row_inner use_custom_gutter=\u00a0\u00bbon\u00a0\u00bb gutter_width=\u00a0\u00bb1&Prime; parallax_method_1=\u00a0\u00bboff\u00a0\u00bb admin_label=\u00a0\u00bbLigne\u00a0\u00bb _builder_version=\u00a0\u00bb3.0.47&Prime;][et_pb_column_inner type=\u00a0\u00bb4_4&Prime; saved_specialty_column_type=\u00a0\u00bb1_2&Prime; _builder_version=\u00a0\u00bb3.0.47&Prime; box_shadow_position=\u00a0\u00bbouter\u00a0\u00bb parallax=\u00a0\u00bboff\u00a0\u00bb parallax_method=\u00a0\u00bboff\u00a0\u00bb][et_pb_slider show_arrows=\u00a0\u00bboff\u00a0\u00bb show_pagination=\u00a0\u00bboff\u00a0\u00bb show_inner_shadow=\u00a0\u00bboff\u00a0\u00bb admin_label=\u00a0\u00bbDiapo\u00a0\u00bb _builder_version=\u00a0\u00bb3.0.47&Prime; custom_padding=\u00a0\u00bb150px|0px|200px|0px\u00a0\u00bb custom_padding_tablet=\u00a0\u00bb|||\u00a0\u00bb custom_padding_phone=\u00a0\u00bb|||\u00a0\u00bb auto=\u00a0\u00bbon\u00a0\u00bb auto_speed=\u00a0\u00bb6000&Prime; auto_ignore_hover=\u00a0\u00bbon\u00a0\u00bb custom_css_main_element=\u00a0\u00bbborder: 4px solid rgba(0,0,0,0);\u00a0\u00bb top_padding=\u00a0\u00bb150px\u00a0\u00bb bottom_padding=\u00a0\u00bb200px\u00a0\u00bb remove_inner_shadow=\u00a0\u00bbon\u00a0\u00bb][et_pb_slide use_bg_overlay=\u00a0\u00bboff\u00a0\u00bb use_text_overlay=\u00a0\u00bboff\u00a0\u00bb _builder_version=\u00a0\u00bb3.0.47&Prime; header_font=\u00a0\u00bb||||\u00a0\u00bb body_font=\u00a0\u00bb||||\u00a0\u00bb background_image=\u00a0\u00bbhttp:\/\/www.batem-77.com\/wp-content\/uploads\/2017\/04\/faux-plafond-en-placo-platre.jpg\u00a0\u00bb custom_button=\u00a0\u00bboff\u00a0\u00bb button_icon_placement=\u00a0\u00bbright\u00a0\u00bb button_on_hover=\u00a0\u00bbon\u00a0\u00bb][\/et_pb_slide][et_pb_slide use_bg_overlay=\u00a0\u00bboff\u00a0\u00bb use_text_overlay=\u00a0\u00bboff\u00a0\u00bb _builder_version=\u00a0\u00bb3.0.47&Prime; header_font=\u00a0\u00bb||||\u00a0\u00bb body_font=\u00a0\u00bb||||\u00a0\u00bb background_image=\u00a0\u00bbhttp:\/\/www.batem-77.com\/wp-content\/uploads\/2017\/04\/16316051602_011bbdc653_b.jpg\u00a0\u00bb custom_button=\u00a0\u00bboff\u00a0\u00bb button_icon_placement=\u00a0\u00bbright\u00a0\u00bb button_on_hover=\u00a0\u00bbon\u00a0\u00bb][\/et_pb_slide][et_pb_slide use_bg_overlay=\u00a0\u00bboff\u00a0\u00bb use_text_overlay=\u00a0\u00bboff\u00a0\u00bb _builder_version=\u00a0\u00bb3.0.47&Prime; header_font=\u00a0\u00bb||||\u00a0\u00bb body_font=\u00a0\u00bb||||\u00a0\u00bb background_image=\u00a0\u00bbhttp:\/\/www.batem-77.com\/wp-content\/uploads\/2017\/04\/34060.jpg\u00a0\u00bb custom_button=\u00a0\u00bboff\u00a0\u00bb button_icon_placement=\u00a0\u00bbright\u00a0\u00bb button_on_hover=\u00a0\u00bbon\u00a0\u00bb][\/et_pb_slide][\/et_pb_slider][et_pb_text background_layout=\u00a0\u00bbdark\u00a0\u00bb admin_label=\u00a0\u00bbTexte\u00a0\u00bb _builder_version=\u00a0\u00bb3.0.96&Prime; text_font=\u00a0\u00bbJosefin Slab||||\u00a0\u00bb text_font_size=\u00a0\u00bb20&Prime; text_text_color=\u00a0\u00bb#ffffff\u00a0\u00bb text_text_shadow_style=\u00a0\u00bbpreset2&Prime; header_font=\u00a0\u00bb||||||||\u00a0\u00bb background_color=\u00a0\u00bbrgba(94,94,94,0.59)\u00a0\u00bb background_size=\u00a0\u00bbinitial\u00a0\u00bb background_position=\u00a0\u00bbtop_left\u00a0\u00bb background_repeat=\u00a0\u00bbrepeat\u00a0\u00bb text_orientation=\u00a0\u00bbcenter\u00a0\u00bb module_alignment=\u00a0\u00bbcenter\u00a0\u00bb]<\/p>\n<p><strong>Des services de qualit\u00e9 mis \u00e0 votre disposition<\/strong><\/p>\n<p>[\/et_pb_text][\/et_pb_column_inner][\/et_pb_row_inner][et_pb_row_inner admin_label=\u00a0\u00bbLigne\u00a0\u00bb _builder_version=\u00a0\u00bb3.0.47&Prime;][et_pb_column_inner type=\u00a0\u00bb1_2&Prime; saved_specialty_column_type=\u00a0\u00bb1_2&Prime; _builder_version=\u00a0\u00bb3.0.47&Prime; box_shadow_position=\u00a0\u00bbouter\u00a0\u00bb parallax=\u00a0\u00bboff\u00a0\u00bb parallax_method=\u00a0\u00bbon\u00a0\u00bb][et_pb_slider show_arrows=\u00a0\u00bboff\u00a0\u00bb show_pagination=\u00a0\u00bboff\u00a0\u00bb show_inner_shadow=\u00a0\u00bboff\u00a0\u00bb admin_label=\u00a0\u00bbDiapo\u00a0\u00bb _builder_version=\u00a0\u00bb3.0.47&Prime; custom_padding=\u00a0\u00bb150px|0px|200px|0px\u00a0\u00bb custom_padding_tablet=\u00a0\u00bb|||\u00a0\u00bb custom_padding_phone=\u00a0\u00bb|||\u00a0\u00bb auto=\u00a0\u00bbon\u00a0\u00bb auto_speed=\u00a0\u00bb9000&Prime; auto_ignore_hover=\u00a0\u00bbon\u00a0\u00bb custom_css_main_element=\u00a0\u00bbborder: 4px solid rgba(0,0,0,0);\u00a0\u00bb top_padding=\u00a0\u00bb150px\u00a0\u00bb bottom_padding=\u00a0\u00bb200px\u00a0\u00bb remove_inner_shadow=\u00a0\u00bbon\u00a0\u00bb][et_pb_slide use_bg_overlay=\u00a0\u00bboff\u00a0\u00bb use_text_overlay=\u00a0\u00bboff\u00a0\u00bb _builder_version=\u00a0\u00bb3.0.47&Prime; header_font=\u00a0\u00bb||||\u00a0\u00bb body_font=\u00a0\u00bb||||\u00a0\u00bb background_image=\u00a0\u00bbhttp:\/\/www.batem-77.com\/wp-content\/uploads\/2017\/04\/51266893-1b2c-559a-8c62-db4bd8e95db4.jpeg\u00a0\u00bb custom_button=\u00a0\u00bboff\u00a0\u00bb button_icon_placement=\u00a0\u00bbright\u00a0\u00bb button_on_hover=\u00a0\u00bbon\u00a0\u00bb][\/et_pb_slide][et_pb_slide use_bg_overlay=\u00a0\u00bboff\u00a0\u00bb use_text_overlay=\u00a0\u00bboff\u00a0\u00bb _builder_version=\u00a0\u00bb3.0.47&Prime; header_font=\u00a0\u00bb||||\u00a0\u00bb body_font=\u00a0\u00bb||||\u00a0\u00bb background_image=\u00a0\u00bbhttp:\/\/www.batem-77.com\/wp-content\/uploads\/2017\/04\/benjamin-child-17946-1.jpg\u00a0\u00bb custom_button=\u00a0\u00bboff\u00a0\u00bb button_icon_placement=\u00a0\u00bbright\u00a0\u00bb button_on_hover=\u00a0\u00bbon\u00a0\u00bb][\/et_pb_slide][et_pb_slide use_bg_overlay=\u00a0\u00bboff\u00a0\u00bb use_text_overlay=\u00a0\u00bboff\u00a0\u00bb _builder_version=\u00a0\u00bb3.0.47&Prime; header_font=\u00a0\u00bb||||\u00a0\u00bb body_font=\u00a0\u00bb||||\u00a0\u00bb background_image=\u00a0\u00bbhttp:\/\/www.batem-77.com\/wp-content\/uploads\/2017\/04\/laser-a-lignes-leica-lino-l360-construction-batiment-interieur-finition-projection-rayon-lumineux-longue-portee-batterie.jpg\u00a0\u00bb custom_button=\u00a0\u00bboff\u00a0\u00bb button_icon_placement=\u00a0\u00bbright\u00a0\u00bb button_on_hover=\u00a0\u00bbon\u00a0\u00bb][\/et_pb_slide][\/et_pb_slider][\/et_pb_column_inner][et_pb_column_inner type=\u00a0\u00bb1_2&Prime; saved_specialty_column_type=\u00a0\u00bb1_2&Prime; _builder_version=\u00a0\u00bb3.0.47&Prime; box_shadow_position=\u00a0\u00bbouter\u00a0\u00bb parallax=\u00a0\u00bboff\u00a0\u00bb parallax_method=\u00a0\u00bbon\u00a0\u00bb][et_pb_slider show_arrows=\u00a0\u00bboff\u00a0\u00bb show_pagination=\u00a0\u00bboff\u00a0\u00bb show_inner_shadow=\u00a0\u00bboff\u00a0\u00bb admin_label=\u00a0\u00bbNavigation Diapo\u00a0\u00bb _builder_version=\u00a0\u00bb3.0.47&Prime; header_font=\u00a0\u00bbJosefin Slab||||\u00a0\u00bb header_font_size=\u00a0\u00bb40&Prime; header_font_size_tablet=\u00a0\u00bb30&Prime; header_font_size_last_edited=\u00a0\u00bbon|desktop\u00a0\u00bb custom_padding=\u00a0\u00bb|||\u00a0\u00bb custom_padding_tablet=\u00a0\u00bb|||\u00a0\u00bb custom_padding_phone=\u00a0\u00bb|||\u00a0\u00bb custom_button=\u00a0\u00bbon\u00a0\u00bb button_text_color=\u00a0\u00bb#7a7a7a\u00a0\u00bb button_border_color=\u00a0\u00bb#828282&Prime; button_font=\u00a0\u00bbJosefin Slab||||\u00a0\u00bb button_icon=\u00a0\u00bb%%3%%\u00a0\u00bb auto=\u00a0\u00bbon\u00a0\u00bb auto_speed=\u00a0\u00bb6000&Prime; auto_ignore_hover=\u00a0\u00bbon\u00a0\u00bb custom_css_main_element=\u00a0\u00bbborder: 4px solid rgba(0,0,0,0);\u00a0\u00bb custom_css_slide_description=\u00a0\u00bbtext-align: left !important;||animation-name: Grow;\u00a0\u00bb custom_css_slide_button=\u00a0\u00bbpadding-left: 0 !important;\u00a0\u00bb custom_css_slide_controllers=\u00a0\u00bbtext-align: right;||padding-right: 30px;||font-size: 0;\u00a0\u00bb remove_inner_shadow=\u00a0\u00bbon\u00a0\u00bb][et_pb_slide heading=\u00a0\u00bbIsolations\u00a0\u00bb use_bg_overlay=\u00a0\u00bboff\u00a0\u00bb use_text_overlay=\u00a0\u00bboff\u00a0\u00bb _builder_version=\u00a0\u00bb3.0.47&Prime; header_font=\u00a0\u00bb||||\u00a0\u00bb body_font=\u00a0\u00bb||||\u00a0\u00bb background_color=\u00a0\u00bbrgba(147,147,147,0.68)\u00a0\u00bb custom_button=\u00a0\u00bboff\u00a0\u00bb button_icon_placement=\u00a0\u00bbright\u00a0\u00bb button_on_hover=\u00a0\u00bbon\u00a0\u00bb]<\/p>\n<p>Nos services peuvent \u00e9galement comporter l&rsquo;isolation acoustique ou thermique.<\/p>\n<p>[\/et_pb_slide][\/et_pb_slider][\/et_pb_column_inner][\/et_pb_row_inner][\/et_pb_column][et_pb_column type=\u00a0\u00bb1_4&Prime; _builder_version=\u00a0\u00bb3.0.47&Prime; parallax=\u00a0\u00bboff\u00a0\u00bb parallax_method=\u00a0\u00bboff\u00a0\u00bb][et_pb_divider height=\u00a0\u00bb80&Prime; disabled_on=\u00a0\u00bbon|on|off\u00a0\u00bb admin_label=\u00a0\u00bbS\u00e9parateur\u00a0\u00bb _builder_version=\u00a0\u00bb3.0.47&Prime;][\/et_pb_divider][et_pb_slider show_arrows=\u00a0\u00bboff\u00a0\u00bb show_pagination=\u00a0\u00bboff\u00a0\u00bb show_inner_shadow=\u00a0\u00bboff\u00a0\u00bb admin_label=\u00a0\u00bbNavigation Diapo\u00a0\u00bb _builder_version=\u00a0\u00bb3.0.96&Prime; header_font=\u00a0\u00bbJosefin Slab||||\u00a0\u00bb header_font_size=\u00a0\u00bb40&Prime; header_font_size_tablet=\u00a0\u00bb30&Prime; header_font_size_last_edited=\u00a0\u00bbon|desktop\u00a0\u00bb custom_padding=\u00a0\u00bb|||\u00a0\u00bb custom_padding_tablet=\u00a0\u00bb|||\u00a0\u00bb custom_padding_phone=\u00a0\u00bb|||\u00a0\u00bb custom_button=\u00a0\u00bbon\u00a0\u00bb button_text_color=\u00a0\u00bb#7a7a7a\u00a0\u00bb button_border_color=\u00a0\u00bb#828282&Prime; button_font=\u00a0\u00bbJosefin Slab||||\u00a0\u00bb button_icon=\u00a0\u00bb%%3%%\u00a0\u00bb auto=\u00a0\u00bbon\u00a0\u00bb auto_speed=\u00a0\u00bb6000&Prime; auto_ignore_hover=\u00a0\u00bbon\u00a0\u00bb custom_css_main_element=\u00a0\u00bbborder: 4px solid rgba(0,0,0,0);\u00a0\u00bb custom_css_slide_description=\u00a0\u00bbtext-align: left !important;||animation-name: Grow;\u00a0\u00bb custom_css_slide_button=\u00a0\u00bbpadding-left: 0 !important;\u00a0\u00bb custom_css_slide_controllers=\u00a0\u00bbtext-align: right;||padding-right: 30px;||font-size: 0;\u00a0\u00bb remove_inner_shadow=\u00a0\u00bbon\u00a0\u00bb][et_pb_slide heading=\u00a0\u00bbCloisons\u00a0\u00bb use_bg_overlay=\u00a0\u00bboff\u00a0\u00bb use_text_overlay=\u00a0\u00bboff\u00a0\u00bb _builder_version=\u00a0\u00bb3.0.96&Prime; header_font=\u00a0\u00bb||||\u00a0\u00bb body_font=\u00a0\u00bb||||\u00a0\u00bb background_color=\u00a0\u00bbrgba(140,140,140,0.68)\u00a0\u00bb custom_button=\u00a0\u00bboff\u00a0\u00bb button_icon_placement=\u00a0\u00bbright\u00a0\u00bb button_on_hover=\u00a0\u00bbon\u00a0\u00bb]<\/p>\n<ul>\n<li><i>Cloison Placostil sur ossature m\u00e9tallique de diff\u00e9rentes \u00e9paisseurs<\/i><\/li>\n<li><i>Cloison Placostil sur ossature simple ou double<\/i><\/li>\n<li><i>Cloison Placostil avec diff\u00e9rentes caract\u00e9ristiques, hydrofuge, phonique, coupe-feu<\/i><\/li>\n<li><i>Cloison High-<\/i><i>Stil<\/i><i>-Placo : structure qui s&rsquo;adapte \u00e0 la hauteur 8 m<\/i><\/li>\n<li><i>Cloison Megastil-Placo : cloison pour grandes hauteurs 10 \u00e0 12m<\/i><\/li>\n<\/ul>\n<p>[\/et_pb_slide][\/et_pb_slider][et_pb_slider show_arrows=\u00a0\u00bboff\u00a0\u00bb show_pagination=\u00a0\u00bboff\u00a0\u00bb show_inner_shadow=\u00a0\u00bboff\u00a0\u00bb admin_label=\u00a0\u00bbDiapo\u00a0\u00bb _builder_version=\u00a0\u00bb3.0.47&Prime; custom_padding=\u00a0\u00bb150px|0px|200px|0px\u00a0\u00bb custom_padding_tablet=\u00a0\u00bb|||\u00a0\u00bb custom_padding_phone=\u00a0\u00bb|||\u00a0\u00bb auto=\u00a0\u00bbon\u00a0\u00bb auto_speed=\u00a0\u00bb12000&Prime; auto_ignore_hover=\u00a0\u00bbon\u00a0\u00bb custom_css_main_element=\u00a0\u00bbborder: 4px solid rgba(0,0,0,0);\u00a0\u00bb top_padding=\u00a0\u00bb150px\u00a0\u00bb bottom_padding=\u00a0\u00bb200px\u00a0\u00bb remove_inner_shadow=\u00a0\u00bbon\u00a0\u00bb][et_pb_slide use_bg_overlay=\u00a0\u00bboff\u00a0\u00bb use_text_overlay=\u00a0\u00bboff\u00a0\u00bb _builder_version=\u00a0\u00bb3.0.47&Prime; header_font=\u00a0\u00bb||||\u00a0\u00bb body_font=\u00a0\u00bb||||\u00a0\u00bb background_image=\u00a0\u00bbhttp:\/\/www.batem-77.com\/wp-content\/uploads\/2017\/04\/51820.jpg\u00a0\u00bb custom_button=\u00a0\u00bboff\u00a0\u00bb button_icon_placement=\u00a0\u00bbright\u00a0\u00bb button_on_hover=\u00a0\u00bbon\u00a0\u00bb][\/et_pb_slide][et_pb_slide use_bg_overlay=\u00a0\u00bboff\u00a0\u00bb use_text_overlay=\u00a0\u00bboff\u00a0\u00bb _builder_version=\u00a0\u00bb3.0.47&Prime; header_font=\u00a0\u00bb||||\u00a0\u00bb body_font=\u00a0\u00bb||||\u00a0\u00bb background_image=\u00a0\u00bbhttp:\/\/www.batem-77.com\/wp-content\/uploads\/2017\/04\/images.jpeg\u00a0\u00bb custom_button=\u00a0\u00bboff\u00a0\u00bb button_icon_placement=\u00a0\u00bbright\u00a0\u00bb button_on_hover=\u00a0\u00bbon\u00a0\u00bb][\/et_pb_slide][et_pb_slide use_bg_overlay=\u00a0\u00bboff\u00a0\u00bb use_text_overlay=\u00a0\u00bboff\u00a0\u00bb _builder_version=\u00a0\u00bb3.0.47&Prime; header_font=\u00a0\u00bb||||\u00a0\u00bb body_font=\u00a0\u00bb||||\u00a0\u00bb background_image=\u00a0\u00bbhttp:\/\/www.batem-77.com\/wp-content\/uploads\/2017\/04\/guillaume-da-silva-architecture-interieure-ame\u0301nagement-bureaux-salle-de-re\u0301union-lille-France3.jpg\u00a0\u00bb custom_button=\u00a0\u00bboff\u00a0\u00bb button_icon_placement=\u00a0\u00bbright\u00a0\u00bb button_on_hover=\u00a0\u00bbon\u00a0\u00bb][\/et_pb_slide][\/et_pb_slider][\/et_pb_column][\/et_pb_section]<\/p>\n","protected":false},"excerpt":{"rendered":"<p>[et_pb_section fb_built=\u00a0\u00bb1&Prime; background_color=\u00a0\u00bbrgba(255,255,255,0)\u00a0\u00bb use_custom_width=\u00a0\u00bbon\u00a0\u00bb use_custom_gutter=\u00a0\u00bbon\u00a0\u00bb gutter_width=\u00a0\u00bb1&Prime; specialty=\u00a0\u00bbon\u00a0\u00bb parallax_method_1=\u00a0\u00bboff\u00a0\u00bb parallax_method_2=\u00a0\u00bboff\u00a0\u00bb parallax_method_3=\u00a0\u00bboff\u00a0\u00bb admin_label=\u00a0\u00bbSection\u00a0\u00bb _builder_version=\u00a0\u00bb3.0.47&Prime; background_image=\u00a0\u00bbhttp:\/\/www.batem-77.com\/wp-content\/uploads\/2018\/01\/la-defense-gratte-ciel-ville-dans-la-nuit-paris-233878.jpg\u00a0\u00bb custom_css_main_element=\u00a0\u00bbmin-height: 100vh;\u00a0\u00bb transparent_background=\u00a0\u00bbon\u00a0\u00bb][et_pb_column type=\u00a0\u00bb1_4&Prime; _builder_version=\u00a0\u00bb3.0.47&Prime; parallax=\u00a0\u00bboff\u00a0\u00bb parallax_method=\u00a0\u00bboff\u00a0\u00bb][et_pb_divider height=\u00a0\u00bb40&Prime; disabled_on=\u00a0\u00bbon|on|off\u00a0\u00bb admin_label=\u00a0\u00bbS\u00e9parateur\u00a0\u00bb _builder_version=\u00a0\u00bb3.0.47&Prime;][\/et_pb_divider][et_pb_slider show_arrows=\u00a0\u00bboff\u00a0\u00bb show_pagination=\u00a0\u00bboff\u00a0\u00bb show_inner_shadow=\u00a0\u00bboff\u00a0\u00bb admin_label=\u00a0\u00bbNavigation Diapo\u00a0\u00bb _builder_version=\u00a0\u00bb3.0.47&Prime; header_font=\u00a0\u00bbJosefin Slab||||\u00a0\u00bb header_font_size=\u00a0\u00bb40&Prime; header_font_size_tablet=\u00a0\u00bb30&Prime; header_font_size_last_edited=\u00a0\u00bbon|desktop\u00a0\u00bb custom_padding=\u00a0\u00bb|||\u00a0\u00bb custom_padding_tablet=\u00a0\u00bb|||\u00a0\u00bb custom_padding_phone=\u00a0\u00bb|||\u00a0\u00bb custom_button=\u00a0\u00bbon\u00a0\u00bb button_text_color=\u00a0\u00bb#7a7a7a\u00a0\u00bb button_border_color=\u00a0\u00bb#828282&Prime; button_font=\u00a0\u00bbJosefin Slab||||\u00a0\u00bb button_icon=\u00a0\u00bb%%3%%\u00a0\u00bb auto=\u00a0\u00bbon\u00a0\u00bb auto_speed=\u00a0\u00bb6000&Prime; auto_ignore_hover=\u00a0\u00bbon\u00a0\u00bb custom_css_main_element=\u00a0\u00bbborder: 4px solid rgba(0,0,0,0);\u00a0\u00bb custom_css_slide_description=\u00a0\u00bbtext-align: left !important;||animation-name: Grow;\u00a0\u00bb [&hellip;]<\/p>\n","protected":false},"author":1,"featured_media":0,"parent":0,"menu_order":0,"comment_status":"closed","ping_status":"closed","template":"","meta":{"_et_pb_use_builder":"on","_et_pb_old_content":""},"_links":{"self":[{"href":"https:\/\/www.batem-77.com\/index.php?rest_route=\/wp\/v2\/pages\/186"}],"collection":[{"href":"https:\/\/www.batem-77.com\/index.php?rest_route=\/wp\/v2\/pages"}],"about":[{"href":"https:\/\/www.batem-77.com\/index.php?rest_route=\/wp\/v2\/types\/page"}],"author":[{"embeddable":true,"href":"https:\/\/www.batem-77.com\/index.php?rest_route=\/wp\/v2\/users\/1"}],"replies":[{"embeddable":true,"href":"https:\/\/www.batem-77.com\/index.php?rest_route=%2Fwp%2Fv2%2Fcomments&post=186"}],"version-history":[{"count":8,"href":"https:\/\/www.batem-77.com\/index.php?rest_route=\/wp\/v2\/pages\/186\/revisions"}],"predecessor-version":[{"id":413,"href":"https:\/\/www.batem-77.com\/index.php?rest_route=\/wp\/v2\/pages\/186\/revisions\/413"}],"wp:attachment":[{"href":"https:\/\/www.batem-77.com\/index.php?rest_route=%2Fwp%2Fv2%2Fmedia&parent=186"}],"curies":[{"name":"wp","href":"https:\/\/api.w.org\/{rel}","templated":true}]}}